luate 29 + (-37 - -8 - 1).
-1
Evaluate (-1 - 5 - 2) + (-18 - -17).
-9
What is the value of -1 - (-7 - (0 - 12)) - -21 - -1?
16
What is -20 + (4 - (-12 + -3))?
-1
-6 + (5 - -2) - (-2 - 1)
4
What is -18 + 20 + -2 + (0 - -5)?
5
What is the value of 4 - (-17 + 41 + 4 + -6 + 8)?
-26
-1 + -7 - (-16 + 0 + (14 - 15))
9
What is the value of (6 - 4) + 0 + -7 + 20?
15
What is the value of -26 - (-71 + 1 + 26)?
18
Evaluate 3 + 0 + -4 - 3 - 0.
-4
Calculate 8 - 1 - ((3 - -4) + -1).
1
What is -570 + 564 + (-2 - -1) + 2?
-5
What is the value of -6 - (-4 + -1 - -5) - (4 - -4)?
-14
(5 - 0) + ((8 - 8) + -8 - -12)
9
What is the value of -3 - (5 - -13 - (1 - -6))?
-14
-23 + 17 + -8 + (0 - 12)
-26
Calculate -8 + 1 + -10 + 33 + (0 - 6).
10
Evaluate 0 - (-1 - (2 + -2 - -5)) - 5.
1
What is the value of 6 + (5 - 5) + 7 + 0 + -7?
6
-5 - (11 + -21 - 13)
18
Evaluate 0 + (0 - (-5 + 10) - (2 - 10)).
3
Evaluate 18 - (-30 - (-6 - 48)).
-6
What is the value of 16 - (164 + -165 + (0 - -25))?
-8
Evaluate 42 + (-63 - -18) - -36.
33
What is (2 - (22 + 14 + -14)) + 0 + 8?
-12
What is the value of -1 + ((2 - 2) + 1 - 1)?
-1
(-55 - -41) + 6 + 3 - 5
-10
Calculate -11 - (0 - ((2 - -1) + (-2 - -5))).
-5
Evaluate (13 - 1) + 537 + -538.
11
Calculate (-1 - -11) + (-81 - -71).
0
What is the value of 12 - (6 + 8) - -5?
3
What is 15 + (5 + -22 - 6)?
-8
What is the value of -12 - (6 - (48 + -29))?
1
What is the value of (-4 - (4 + -1) - (-9 - -12)) + -18?
-28
(1 - 3) + 11 - (-67 + 66)
10
What is the value of (-8 - (-3 - -4) - -7) + -9?
-11
Calculate -14 + 17 + -5 + -2 + 11 + -8.
-1
7 + -7 + (0 + 1 - 1) - -6
6
3 + -17 - -27 - (10 + -4)
7
-18 - -2 - (-4 - (-7 - -7))
-12
Evaluate -96 - -97 - (16 + -3).
-12
What is 8 + -7 + (11 - 4) + -2?
6
Evaluate (-9 - -14) + -26 + 6 + 1.
-14
What is the value of -998 + 994 + 0 + 0 + 5 + -18?
-17
What is -5 - (-2 - (6 + -11))?
-8
Evaluate (1 - -5) + (-7 - -1 - (-3 + 8)).
-5
What is 9 + -4 + 15 + -26?
-6
1073 - 1026 - (25 + 1)
21
What is (2 - (-6 - ((-1 - -3) + -5))) + 8?
13
Evaluate 18 - (-2 - -14) - (-12 - 2).
20
-1 + -43 + -7 + (-153 - -170)
-34
What is the value of -14 + 1 + 8 - (0 + 1)?
-6
What is the value of 6 - ((-5 - -4) + (8 - (-11 - 7)))?
-19
Calculate 12 + (13 - 10) - 7.
8
Evaluate (3 - 0 - (0 + 18)) + 19 + -13.
-9
Calculate -108 - -76 - (-24 + 2).
-10
What is the value of -1 + -47 + 61 + -36?
-23
What is the value of (-13 - (-17 - -7)) + (7 - 8) + 16?
12
Evaluate (5 - 8) + 0 + 24 + 8 + -8.
21
26 - (19 - 34 - -31)
10
Calculate 25 - 27 - (-1 + 1 - -19).
-21
Calculate (-6 - (-1 - -1)) + (52 - 52) - 3.
-9
What is (-3 - (-1 - 18)) + (6 - (-4 + 14))?
12
Calculate 14 + 11 - (0 - (-5 + -6 - -3)).
17
What is (-2 - (-5 + 12)) + 22 - 46?
-33
-8 - -12 - (0 - (14 - 5) - -5)
8
What is 13 + (-20 - -13) + (0 - 1) + -2?
3
What is the value of -21 + -22 + 32 + -13?
-24
What is the value of 1022 - 997 - (0 - -29)?
-4
Evaluate -2 + 1 - -15 - (-11 + (-1 - 0)).
26
-2 + 0 + -14 + 103 + -99
-12
What is -14 - -18 - (-10 - (-2 + -1))?
11
Evaluate -4 + -11 + 10 - (2 - -2).
-9
Evaluate (9 - 5) + (-4 - (2 - (-1 - -4))).
1
(2 + 0 - -29) + -16
15
What is -30 - (-19 - -9 - 4)?
-16
-1 - (-2 + 7) - ((-31 - 8) + 18)
15
What is (51 - (-3 - -2)) + -28?
24
What is (-1048 - -1033) + (4 - 1)?
-12
What is -8 + (-65 - -62) + -1 + -1?
-13
What is 0 + -8 + 65 + -63 + -1 + 6?
-1
Evaluate -58 + 48 + (-4 - -2 - 0).
-12
What is (0 - -8) + 6 - 14?
0
What is the value of 31 - (-32 - (45 - 81))?
27
What is the value of 3 - 5 - (52 - 41)?
-13
What is the value of 32 - (18 + (-4 - -2))?
16
What is 4 + -6 + -21 + 32?
9
Calculate 7 + 0 + -2 + -1 + -2.
2
What is -1 + -1 + (-2 + -5 - (-3 + 8))?
-14
Calculate -3 - ((-6 - -3 - -8) + -6 + 8).
-10
What is (-127 - -113) + -7 + 46?
25
What is -18 + (14 - -4) + -2 - 14?
-16
Evaluate 0 + 9 + 1 + 16 + -21.
5
What is the value of (39 - 2) + (-14 - -55) + -50?
28
Calculate -8 + -13 + (37 - 9).
7
What is the value of 1 + -9 - (10 + -7 + 14 - 15)?
-10
Evaluate -20 + (5 - 6) + 8.
-13
What is the value of 14 - (-1 - 11 - -14)?
12
What is the value of (1 - -25) + (-346 - -326)?
6
14 + (3 - 21 - 14 - -11)
-7
(-80 - -87) + 1 + -2
6
Evaluate -14 + -11 + 4 + 9.
-12
What is the value of -18 - (3 - (11 + -9 + 7))?
-12
Calculate -5 - (-9 - -1 - (-13 + 21 + -14)).
-3
What is (-67 - -32) + 43 + 16?
24
-2 - (6 - 1) - (-12 - -7)
-2
What is the value of 4 - ((-6 + 6 - 5) + 0 + 21)?
-12
(1 - -6) + (15 - 23) + -2
-3
Calculate -3 - 0 - -11 - (-3 + 4 + 24).
-17
Calculate -5 + 13 - (-15 - -32).
-9
Evaluate -26 - (-9 + 13 + -22) - (0 + -22).
14
What is 47 + -6 + -22 + -8 + -1?
10
What is the value of (10 - 17) + -9 + 8?
-8
What is 23 + (-12 - 13) + 14?
12
What is -8 + -3 + 4 + (-16 - (-9 + 2))?
-16
-1 + 3 - 3 - 5
-6
What is 16 + -8 + -8 + 2 + -7?
-5
-2 + (-4 - (5 - 5)) + (-2 - -2)
-6
What is the value of -3 - (5 + -2) - (5 - 15)?
4
What is the value of 15 + (-3 - -5) + 3 + -9 - -10?
21
Calculate -2 + 0 + -7 + 23 + (-54 - -23).
-17
What is the value of 4 - -3 - (8 + (11 + 9 - 9))?
-12
What is -43 + 17 + 17 + 12?
3
Evaluate 15 + -14 - ((2 - -1) + (-2 - 0)).
0
Calculate -2 - -19 - (9 - 11) - (-8 - -8).
19
What is 0 + -8 + 9 + 6 + -12?
-5
Evaluate (0 - 0 - 6) + (0 - -3).
-3
-177 + 183 - (11 + 2 - (2 + -1))
-6
Evaluate -29 + -4 + 19 + (-14 - -19).
-9
Calculate -319 - -328 - (1 + 34).
-26
What is -75 - -92 - (31 + -2)?
-12
Calculate -102 - -114 - (5 - 6).
13
Calculate (-1 - -1) + -7 + -2.
-9
What is 20 + -1 + 2 - -2 - (1532 - 1525)?
16
Calculate 11 + -5 - (-9 - -20) - (-1 + -2).
-2
What is the value of (10 + -24 - -18) + -1 + -6 + 26?
23
What is the value of -11 - (0 - -1 - (16 + -8))?
-4
What is the value of 8 - ((-1 - 5) + -27 + 34)?
7
Calculate -3 + (-22 + 31 - 3).
3
What is the value of (37 - 24 - (-2 + 10)) + -16?
-11
Evaluate (0 - -3 - 3) + 0 + 2.
2
What is -4 + -16 + 1 + 5 + 5 + -3?
-12
Calculate 14 + -7 + (72 - 66).
13
Evaluate (18 + -3 - (3 - -19)) + 25.
18
Calculate 1 + 5 + (-31 - -33).
8
0 - 6 - (21 - 3) - (-4 - 3)
-17
1 + 2 + -6 + 11 + -15 + 0
-7
What is the value of -2 - (-1 - -4) - (-11 - -3)?
3
Evaluate -19 - ((9 - 10) + 2 + -8).
-12
Evaluate -8 + (-48 - -22) - -20.
-14
Evaluate 9 + (5 - -2 - (3 - -2 - -10)).
1
What is (30 - (-47 + 92)) + 8?
-7
Evaluate 11 - 20 - (7 + (-3 - 4) - 30).
21
What is the value of -15 + -11 + -1 + -2 + 29?
0
6 - (-6 - ((3 - 3) + -7 + -20))
-15
What is the value of (0 + 2 - 4 - 2) + 0 - -14?
10
Calculate 2 + 1 - ((7 - 70) + 61).
5
-9 + -31 + 11 + 15
-14
What is the value of -6 + (5 - (2 + -3)) + -9 + -1?
-10
What is the value of 176 + -190 - (-1 + 1 + -1)?
-13
What is -15 - 1 - (282 - 298)?
0
What is the value of -15 - (-11 + -14 + (-11 - -38))?
-17
What is (7 - 15) + -32 + 58?
18
What is the value of (10 - (6 + -3)) + (-210 - -186)?
-17
What is 100 + -99 + (1 - 14)?
-12
Calculate (26 - 4) + (-118 - -88).
-8
Calculate -1 + 8 + (-7 - -8) + 27 + 2.
37
2 + 12 + 13 + -18 - 24
-15
(-1 - -1 - (-156 - -167)) + 3
-8
Evaluate -1 + 5 + 13 + -14 - (1 - 16).
18
What is the value of 10 - (-14 + -16 + 53)?
-13
-9 + (-4 - 0) + (37 - 32)
-8
What is the value of -372 - -387 - (9 - -1)?
5
What is (-19 - (13 + -8)) + (14 - 15)?
-25
What is the value of 7 - (16 + (-2 - 0) + 11)?
-18
Evaluate 35 + -59 + 17 + -1 + -11.
-19
-6 - (19 + -11 + -20)
6
Evaluate -312 + 323 + (-2 - 39) + 1 + -1.
-30
What is (-25 - (17 - 27)) + 25?
10
Calculate 1 - 7 - (22 - (70 + -20)) - 2.
20
Calculate 75 + -91 + (6 - (3 + -51)).
38
Evaluate 29 + (-42 - 15) + 23.
-5
What is -1894 - -1885 - (-21 - -1)?
11
-33 + -1 + 3 + -27 + 38
-20
What is -55 + -58 + 98 - (-1 + -9)?
-5
Calculate -1 + 9 + (9 - 11) + 7.
13
What is the value of (-23 - (12 - 16)) + 10?
-9
What is 1 - (-29 + 17) - 20 - (-1 - 1)?
-5
Evaluate (9 - 0) + (18 - (19 - -1)) - 8.
-1
What is -4 + (18 - 39) + 12?
-13
What is the value of ((-19 - -11) + 24 - 9) + (-7 - -1)?
1
Calculate (-47 - -5) + 83 - 72.
-31
What is -7 + -2 + (-17 - (-58 - -38))?
-6
-4 + 0 + (1 + -10 - (-13 - -11))
-11
Evaluate 4 + (-3 - -1) + 5 + 40 + -44.
3
Calculate 6 + -18 + (2 - (-6 - 0)).
-4
Evaluate -9 - (-5 + -23 + (13 - 9) + 10).
5
Calculate -4 + (8 - (-9 + 6)).
7
-4 + 14 + 3 + -4 + 4 - -2
15
1 - 5 - (183 - 173) - 9
-23
(3 - (-6 + 3)) + (114 - 105)
15
What is the value of -10 + (-12 - (0 - 28)) - (-2 - 5)?
13
What is -6 + (-24 - -34 - (-1 - (3 + -4)))?
4
What is t